t is the remainder when 78 is divided by ((-1)/(15/o))/(3/(-120))?
14
Suppose 3368 = 23*r - 16826. Calculate the remainder when r is divided by 88.
86
Let j(x) be the third derivative of -x**6/6 - x**5/30 - x**4/24 + 23*x**2. What is the remainder when 278/8 - (-2)/8 is divided by j(-1)?
16
Let v = -75 - -115. Let q = 61 - v. Let s(d) = 2*d**3 + 3*d**2. Calculate the remainder when s(3) is divided by q.
18
Suppose 0 = -q - 5*c + 29, -q = 3*c - 58 + 35. What is the remainder when 1033 is divided by q?
11
Let r(m) = -4*m**3 + 4*m**2 + 10*m + 5. Let l be r(-4). Suppose -18*u + 23*u - l = 0. What is the remainder when u is divided by 15?
12
Suppose 16*f - 1118 = 3*f. What is the remainder when f is divided by 13?
8
Suppose -5*y + y - 263 = 3*q, -5*y = -3*q + 349. Let h = y - -99. Calculate the remainder when h is divided by 8.
7
Suppose -9*j = -12*j + 1287. Suppose 0*t - 3*t + j = 0. Calculate the remainder when t is divided by 29.
27
Let z be (-5600)/(-180) + 2/(-18). Suppose -2*p - z = -3*w, -5*w + 3*p = -2*w - 33. What is the remainder when 15 is divided by w?
6
Suppose -3*i + 85 = -59. Suppose 0 = -j - 1, 0 = -3*t - 2*t - 5*j + 15. Suppose -2*o - 2*o + 92 = t*x, -3*o = 6. Calculate the remainder when i is divided by x.
23
Let w(s) be the first derivative of -7*s**4/4 - s - 8. Let n be w(-1). Suppose -d - 30 = -n*d. What is the remainder when 11 is divided by d?
5
Let f(b) be the third derivative of b**5/6 + b**4/24 + 19*b**2. Calculate the remainder when 41 is divided by f(1).
8
Let s(z) = -z**2 + 14*z + 15. Suppose -2*k - 70 = -7*k. What is the remainder when (63/(-15))/((-2)/20) is divided by s(k)?
12
Let z be (-10 + -2)*448/(-3). Suppose -z = 4*t - 0*t. What is the remainder when (2/(-4))/(4/t) is divided by 19?
18
Let q be (30/4)/(-3 + (-189)/(-56)). Suppose -u = -2*u + q. What is the remainder when 59 is divided by u?
19
Let n = -939 + 962. Calculate the remainder when 228 is divided by n.
21
Suppose 5*s + 3*f - 48 = 0, 0 - 2 = -2*f. Suppose 0 = -27*q + 26*q + 26. What is the remainder when q is divided by s?
8
Suppose 4*l - 16 = 0, 0*a - 551 = 5*a - 4*l. Let r = -21 - a. Calculate the remainder when r is divided by 18.
14
Suppose 0*k = -3*k + 39. Calculate the remainder when (0/(-5) - k/(-1))*1 is divided by 4.
1
Suppose 3*i + 2*i = 30. Suppose -5*p + 19 = -i. Calculate the remainder when 32 is divided by p.
2
Calculate the remainder when 166 is divided by (-2)/(-4)*3 - 125/(-10).
12
Let x(o) = 9*o**2 - 4*o + 3. Let q be x(-4). Suppose 5*y - 127 = q. Let j(u) = -u**3 + 2*u**2 - 1. Calculate the remainder when y is divided by j(-2).
13
Suppose -r = -0*r + 2. Let b = 9 - -2. Calculate the remainder when b is divided by r/(-6) + 22/6.
3
Let j be (7 - 7)/(4/(-2)). Let q(f) = -f**3 - f**2 - 2*f - 2. Let u be q(j). What is the remainder when 21 is divided by u/(-12) + (-141)/(-18)?
5
Let v be 2 - 35/2*-2. Suppose v*x = 36*x + 8. What is the remainder when 76 is divided by x?
4
Let d(m) = m - 2. Let g be d(2). Suppose -4*z - 3*c + 29 = g, 0*z + 3*z - 12 = c. Suppose -i + z - 2 = 0. Calculate the remainder when 3 is divided by i.
0
Let h(u) = -3*u**3 - 2*u**2 - 9*u + 15. Calculate the remainder when h(-4) is divided by 20.
11
Suppose 0 = -y - 6 + 36. Suppose 2*k + 12 = -y. Calculate the remainder when 46 is divided by -32*(3 - k/(-6)).
14
Suppose 4*b + 2*w - 214 = 0, -26*b + 28*b = -5*w + 87. Calculate the remainder when 176 is divided by b.
8
Calculate the remainder when 561 is divided by (2/4)/(42/7896).
91
What is the remainder when (-4)/(-6)*(-27)/(-6) is divided by 7*((-152)/112 - (-27)/18)?
0
Suppose -2*r - 7*r + 225 = 0. Calculate the remainder when 37 is divided by r.
12
Suppose -2*g + 15 = -g. Let u(z) = z**2 - 2*z - 4. Let k be u(15). Let c = k + -134. Calculate the remainder when c is divided by g.
12
Let i = 42 + -12. Suppose -8*c + 3*c = i. Calculate the remainder when 40 is divided by 2/(-3) - 130/c.
19
Calculate the remainder when 239 is divided by 6 + -7 + -4*122/(-8).
59
Suppose i + 0 = 2. Let y be 0/(i/2) + 6. Let n(u) = 4*u. What is the remainder when n(y) is divided by 9?
6
Let f = 609 + -343. Suppose 5*m = 2*b + 605, m - f = -m - 4*b. Calculate the remainder when m is divided by 31.
30
Suppose 0 = b + 6 - 16. Let r = b - 1. What is the remainder when 30 is divided by -4 + r/(36/80)?
14
Suppose -i + 59 = -4*n, -31 = -9*i + 8*i - 3*n. Suppose -171 = 5*w - 1021. What is the remainder when w is divided by i?
41
Let z = 38 + -12. What is the remainder when 5 + (8 - 5) + 42 is divided by z?
24
Suppose 4*q = -2*k + 58, -4*q - q + k = -76. Suppose 0 = b + 5*n + 8 - 2, 0 = -5*b - n + 18. What is the remainder when q is divided by b?
3
Suppose 2085 = 6*w + 615. Calculate the remainder when w is divided by 56.
21
Suppose -2*a - 2*i - i = 87, 2*a = 2*i - 82. What is the remainder when (a/4)/((-27)/126) is divided by (1 + (-48)/9)*-3?
10
Let r = -92 - -136. Let d(k) = -2*k + 7. Let g = 9 - 17. What is the remainder when r is divided by d(g)?
21
Suppose -15*p + 119 = -256. Let r(z) = -3*z - 12. Calculate the remainder when p is divided by r(-9).
10
Let p(i) = -8*i + 4. Let c(o) = 116*o - 573. What is the remainder when p(-3) is divided by c(5)?
0
Let g(h) = -2 - h**2 + 9 - 13*h + 21 + 2*h**2. What is the remainder when 44 is divided by g(12)?
12
What is the remainder when 157 is divided by ((-23)/(-3))/(-1)*(-24 - -21)?
19
Calculate the remainder when 143 is divided by 92/16 - (-1)/4.
5
Suppose 0 = -5*c + 10, -3*m + 13*c - 8*c + 476 = 0. Calculate the remainder when m is divided by 44.
30
Suppose -m + 62 = -4*k + k, 5*m - 327 = -2*k. Let u = m - 42. Suppose 3*w - s - 29 = 0, -4*w + 2*s + 50 = w. Calculate the remainder when u is divided by w.
7
Suppose -3*u = 5*u - 456. Let a = u - 22. Calculate the remainder when 100 is divided by a.
30
Let s(u) = 28*u - 1. Let o be s(-1). Let r = o - -33. Suppose 2*b - r*f = b + 24, -3*b + 3*f + 27 = 0. Calculate the remainder when 4 is divided by b.
0
Let n(z) = z**2 - 12*z - 1. Let v be n(20). Let a = 207 - v. Suppose 26 = 4*o - 14. Calculate the remainder when a is divided by o.
8
Let t = 9 - -7. Suppose -3*s + 4*s = t. What is the remainder when s is divided by 10?
6
Suppose -l - 5*y = -16, 0 = -0*y - y + 2. What is the remainder when 41 is divided by 2*2 + 16 + (-24)/l?
9
Suppose 0*d - 5*d - 3*p = -211, -d = -p - 39. Let w(t) = -t + 3*t**2 + 11 + t - 4*t**2 - t. Calculate the remainder when d is divided by w(0).
8
Suppose 0 = -4*b - 15 + 627. Calculate the remainder when 468 is divided by b.
9
Calculate the remainder when (207 - 7)/2*(-21)/(-6) is divided by 16.
14
Let a = -36 - -73. Calculate the remainder when a is divided by 10.
7
Suppose 28*l - 36*l = -16. Suppose -5*q + 4*h = -117, -l*h = h - 6. Calculate the remainder when 48 is divided by q.
23
Suppose 93*t = 84*t + 81. Calculate the remainder when 57 is divided by t.
3
Let g be 172/28 - (-4)/(-28). Suppose -21 = -3*i + g. Calculate the remainder when i is divided by 5.
4
Let g(q) = -5*q**3 + 2*q + 2. Let l = -61 - -29. Let r = 42 + l. What is the remainder when g(-2) is divided by r?
8
Let c = 13 - 0. Let u = -95 + 97. Calculate the remainder when c is divided by (-3 + 14 - 3)/u.
1
Suppose 6*n = n - 320. Let h = 84 + n. What is the remainder when 58 is divided by h?
18
Let i = 10317 - 10290. What is the remainder when i is divided by (-4 + 2)/((-2)/21)?
6
Let v(r) = 84*r**2 - 3*r - 2. Let k be v(-1). Suppose 2*f - k = 69. What is the remainder when f is divided by 13?
12
Suppose 1626 = 41*v + 478. What is the remainder when 1117 is divided by v?
25
Suppose 0 = 2*i - 2*j - 264, 0 = 4*i + 5*j - 343 - 167. Calculate the remainder when i is divided by 35.
25
Suppose -37 = 90*q - 91*q. Let b(v) = 4*v**2 + 5*v - 3. Calculate the remainder when b(-5) is divided by q.
35
Suppose 0 = 2*j - 2, 0 = 3*i - i + 5*j - 15. Suppose -i*d - 3*d + 208 = 0. Suppose -d - 39 = -5*w. What is the remainder when w is divided by 5?
3
What is the remainder when 24 is divided by 1*4 + 3/(-7)*-7?
3
Suppose -31 = -30*b + 29*b. Let u = 58 - b. What is the remainder when 78 is divided by u?
24
Suppose -z = -q - 2, 0*z = 3*z - 4*q - 4. Let y(b) = -b**2 + 6*b - 5. Suppose 5*h = 15 + 10. What is the remainder when h is divided by y(z)?
2
Calculate the remainder when 119 